Give u(1).
22
Let i(r) = 9*r - 177. Give i(18).
-15
Let l(o) = -o**3 - 9*o**2 - 7*o - 3. What is l(-5)?
-68
Let b(t) = -t**3 + 14*t**2 + 2*t - 8. What is b(14)?
20
Let o(y) = 18*y**3 - 3*y + 3. Calculate o(1).
18
Let f(m) = -m - 5. What is f(2)?
-7
Let x(l) = 2*l**3 + 27*l**2 - 13*l + 10. Give x(-14).
-4
Let p(m) = 6*m**3 - 6*m - 3. Give p(-2).
-39
Let h(s) = -s**2 - 14*s - 4. Calculate h(-12).
20
Let k(z) = -22*z - 33. Calculate k(-9).
165
Let v(y) = -y**2 + 5*y + 236. Give v(-13).
2
Let w(o) = 5*o**2 - 4*o - 4. Determine w(2).
8
Let h(r) = r**3 + 5*r**2 - 25*r - 14. Calculate h(-8).
-6
Let h(r) = 3*r**2 + 8*r. Determine h(-5).
35
Let p(k) = -k**2 + 39*k + 169. Give p(-4).
-3
Let c(z) = z**3 + 9*z**2 - 9*z + 11. Give c(-10).
1
Let z(y) = -7*y**3 - 3*y**2 - 2*y + 1. Determine z(-1).
7
Let z(o) = 10*o + 2. Calculate z(-3).
-28
Let p(t) = -2*t**2 - 36*t - 26. Give p(-17).
8
Let s(i) = -17*i + 300. What is s(16)?
28
Let g(u) = -3*u**2 - 3*u. Give g(-3).
-18
Let y(w) = -w**2 + 3. Calculate y(3).
-6
Let d(o) = o**3 + o**2 - 5*o - 1. Determine d(-4).
-29
Let m(y) = -y**2 - 13*y + 19. Determine m(-14).
5
Let a(g) = g**2 + 8*g - 3. Give a(-7).
-10
Let o(f) = f**2 + 8*f + 5. What is o(-6)?
-7
Let c(a) = -12*a - 2. What is c(-2)?
22
Let z(c) = c**3 - 8*c**2 + 8*c - 5. Determine z(5).
-40
Let n(x) = 13*x + 219. What is n(-16)?
11
Let d(k) = -2*k - 3. Calculate d(-13).
23
Let s(w) = -4*w**2 - w + 7. What is s(-3)?
-26
Let g(l) = l**3 - l. Give g(2).
6
Let f(o) = -o**3 - 3*o**2 - 3*o - 1. Give f(-2).
1
Let l(r) = -5*r - 8. Calculate l(10).
-58
Let q(z) = -z**3 - 8*z**2 - 6*z - 1. Give q(-5).
-46
Let k(i) = -15*i - 2. Give k(-8).
118
Let c(h) = 2*h - 4. Determine c(-1).
-6
Let k(f) = -11*f + 945. Give k(86).
-1
Let h(q) = -q**3 + 7*q**2 + 10*q - 11. Calculate h(8).
5
Let w(y) = -y**3 - 25*y**2 + 56*y + 40. Calculate w(-27).
-14
Let j(u) = u**2 + 15*u + 4. Determine j(-13).
-22
Let n(a) = -4*a**2 + 6*a + 7. Determine n(4).
-33
Let a(d) = -3*d + 5. Calculate a(-5).
20
Let r(c) = -c**3 - c**2 - c - 1. What is r(-1)?
0
Let h(u) = -3*u**2 + 6*u - 12. Determine h(2).
-12
Let a(f) = -f**2 - 13*f - 7. Calculate a(-11).
15
Let p(r) = 24*r**3 - r. What is p(1)?
23
Let a(z) = -3*z + 8. Calculate a(7).
-13
Let g(n) = -4*n - 60. Calculate g(-16).
4
Let i(c) = c**3 + 6*c**2 + 3*c - 10. Give i(-4).
10
Let z(y) = y**3 + 9*y**2 + 13*y + 33. What is z(-8)?
-7
Let m(z) = -z**2 - 6*z - 1. What is m(-5)?
4
Let x(h) = h**3 - 2*h**2 - h - 7. What is x(0)?
-7
Let y(n) = n**3 - 14*n**2 + 13*n - 6. Calculate y(13).
-6
Let n(r) = r**2 - 53*r + 239. Calculate n(5).
-1
Let g(c) = -c**2 + 9*c. Determine g(7).
14
Let z(b) = -2*b**3 + 17*b**2 + 2*b + 56. Calculate z(9).
-7
Let t(w) = w + 1. Give t(-2).
-1
Let c(y) = 8*y + 7. Give c(0).
7
Let u(k) = -10*k - 9. Determine u(-1).
1
Let i(o) = -7*o**2 + 2*o + 2. Calculate i(1).
-3
Let v(p) = 2*p**3 + 3*p**2 + 6*p + 22. What is v(-3)?
-23
Let v(z) = 83*z**3 - z**2 - 2*z + 2. Calculate v(1).
82
Let u(d) = d**2 - 50*d - 311. Give u(56).
25
Let p(g) = 20*g - 284. Give p(14).
-4
Let h(o) = -13*o + 62. Give h(5).
-3
Let d(o) = -o**3 - 2*o**2 + 8*o + 2. Determine d(-4).
2
Let n(t) = -6*t + 17. Calculate n(4).
-7
Let q(s) = 194*s - 1558. What is q(8)?
-6
Let n(q) = q**3 - 3*q**2 - 6*q - 14. Give n(6).
58
Let g(f) = -2*f - 4. Give g(0).
-4
Let q(m) = -50*m**3 - m**2 - 3*m - 2. Give q(-1).
50
Let y(f) = f + 4. Give y(-2).
2
Let v(j) = j**3 - 7*j**2 + 2*j - 6. Determine v(7).
8
Let j(b) = -2*b**2 + 58*b + 13. Give j(29).
13
Let n(s) = -s + 43. Calculate n(7).
36
Let c(w) = 12*w - 121. Determine c(8).
-25
Let q(b) = 38*b**2 - b. Give q(1).
37
Let w(d) = -d**3 - 13*d**2 - 25*d - 27. Give w(-11).
6
Let y(w) = w**3 + 3*w**2 - 7*w - 6. Determine y(-4).
6
Let f(y) = y**3 + 6*y**2 + 6*y - 4. Give f(-3).
5
Let a(q) = -7*q. Determine a(-5).
35
Let v(p) = p**2 + 8*p - 9. Give v(4).
39
Let r(c) = c**3 - 24*c**2 + 17*c + 134. Determine r(23).
-4
Let h(w) = w**3 + 12*w**2 + 13*w - 22. Give h(-10).
48
Let d(p) = 10*p + 65. Calculate d(-15).
-85
Let w(i) = i**2 - 12*i + 18. Calculate w(3).
-9
Let s(r) = -59*r**2 + r. Determine s(1).
-58
Let b(t) = -4*t**2 - 5*t + 3. What is b(-4)?
-41
Let v(i) = 2*i**3 + 9*i**2 + 4*i - 3. Determine v(-4).
-3
Let j(p) = p - 11. Determine j(6).
-5
Let m(k) = -k**3 - 5*k**2 + 2*k - 15. Determine m(-7).
69
Let s(t) = -t**3 + 55*t**2 + 62*t - 344. Calculate s(56).
-8
Let l(s) = 9*s + 205. Calculate l(-23).
-2
Let w(q) = -q**2 + 14*q - 29. What is w(12)?
-5
Let s(x) = x**3 - x**2 + 6*x - 19. Calculate s(0).
-19
Let m(z) = 15*z**2 + 2*z - 3. What is m(-2)?
53
Let c(v) = v + 24. Give c(-20).
4
Let l(d) = 25*d**2 + 3*d + 2. Determine l(-1).
24
Let m(z) = z - 13. What is m(23)?
10
Let c(y) = -85*y + 5. Give c(-1).
90
Let b(f) = -3*f + 3. What is b(-4)?
15
Let h(m) = 19*m + 435. What is h(-23)?
-2
Let g(s) = 2*s + 2. Give g(-7).
-12
Let x(q) = -3*q - 20. What is x(-5)?
-5
Let f(v) = v**3 - 6. Calculate f(3).
21
Let x(y) = -y**3 + 27*y**2 - 22. Calculate x(27).
-22
Let z(k) = -k**3 + 9*k**2 - 8*k - 10. What is z(7)?
32
Let l(a) = a - 3. Determine l(2).
-1
Let c(p) = -p**2 - 3*p + 3. Give c(2).
-7
Let y(n) = 176*n - 696. Calculate y(4).
8
Let a(n) = 3*n**2 - 69*n + 69. Calculate a(22).
3
Let c(u) = -14*u**2 + 11*u - 17. Give c(2).
-51
Let v(h) = h - 1. What is v(7)?
6
Let a(k) = -2*k**3 + 16*k**2 - 7*k + 2. What is a(7)?
51
Let h(w) = 7*w - 123. Calculate h(12).
-39
Let b(z) = -3*z**2 - 11*z + 82. Determine b(-9).
-62
Let t(v) = v**3 - 4*v**2 - 5*v + 4. Determine t(5).
4
Let w(i) = -15*i**3 + i**2 + i + 1. Calculate w(-1).
16
Let y(h) = -8*h**2 - 2*h + 1. Give y(2).
-35
Let b(s) = -s + 7. Determine b(17).
-10
Let s(a) = -81*a + 2. Determine s(1).
-79
Let v(s) = -3*s + 70. Give v(23).
1
Let i(m) = -m**2 - 9*m + 105. What is i(5)?
35
Let a(g) = -g**3 + 12*g**2 + 26*g + 31. Calculate a(14).
3
Let s(d) = -d**3 - 19*d**2 - 32*d + 13. Determine s(-17).
-21
Let h(g) = g**2 - 7*g - 48. Calculate h(12).
12
Let s(o) = o - 4. Give s(10).
6
Let s(u) = 34*u - 2. Give s(0).
-2
Let a(t) = -23*t - 66. Determine a(-6).
72
Let z(l) = 6*l - 104. What is z(10)?
-44
Let a(s) = -5*s + 48. Determine a(8).
8
Let n(d) = 2*d**3 - 8*d**2 - 4*d + 9. What is n(4)?
-7
Let v(d) = d**2 - 6. Determine v(-3).
3
Let h(m) = m**3 + 5*m**2 - 17*m + 10. What is h(2)?
4
Let y(p) = 3*p + 5. What is y(4)?
17
Let c(r) = -r**3 - 4*r**2 + 11*r + 37. Give c(-6).
43
Let g(t) = -t**3 - 11*t**2 + 10*t - 17. Determine g(-12).
7
Let y(u) = -2*u**2 - 7*u + 4. Calculate y(2).
-18
Let q(w) = -w**3 + w**2 + 2*w + 3. Determine q(0).
3
Let v(c) = -2*c + 22. Calculate v(9).
4
Let m(p) = 2*p**2 - 10*p - 1. What is m(7)?
27
Let c(p) = -2*p - 2. What is c(-1)?
0
Let v(u) = -u**3 - 17*u**2 + 17*u - 15. Give v(-18).
3
Let j(w) = 2*w - 49. Determine j(10).
-29
Let h(q) = -7*q**2 - 20*q + 2. Give h(-3).
-1
Let i(l) = 10*l - 19. Give i(7).
51
Let f(v) = -v**2 + 4*v - 9. Give f(5).
-14
Let n(t) = -t**3 - 21*t**2 - 39*t + 8. Determine n(-19).
27
Let z(n) = -n - 2. Give z(-8).
6
Let l(x) = x**2 + 39. Give l(0).
39
Let c(a) = a**3 - 9*a**2 - 10*a + 17. What is c(10)?
17
Let x(y) = -4*y**2 - 15*y - 5. Give x(-4).
-9
Let z(c) = c**2 - 14*c + 37. What is z(5)?
-8
Let c(d) = 2*d**2 + 4*d + 7. Calculate c(8).
167
Let c(h) = h**2 + 1. Determine c(-2).
5
Let h(b) = -36*b - 507. Give h(-14).
-3
Let r(g) = g**3 + 11*g**2 + 20*g + 8. Determine r(-9).
-10
Let x(g) = g**3 - 10*g**2 + 8*g + 2. Determine x(9).
-7
Let y(d) = -d**3 + 3*d**2 + 5*d + 4. Determine y(5).
-21
Let c(s) = -3*s**2 - 4*s + 7. Determine c(4).
-57
Let l(u) = -u**2 - 2*u + 1. What is l(2)?
-7
Let v(q) = 15*q + 129. Calculate v(-12).
-51
Let h(s) = 2*s**3 - 3*s + 1. Calculate h(-3).
-44
Let f(b) = 3*b**2 + 2*b + 13. Calculate f(-4).
53
Let c(x) = 3*x - 33. What is c(10)?
-3
Let x(f) = 11*f + 41. Give x(-4).
-3
Let o(y) = 2*y**2 + 11*y - 10. Determine o(-10).
80
Let t(s) = -4*s**2 + s - 2. What is t(-1)?
-7
Let l(t) = -9*t + 76. Give l(6).
22
Let f(k) = -3*k**2 - 31*k - 73. Determine f(-5).
7
Let f(k) = -k**3 - 18*k**2 - k - 31. Calculate f(-18).
-13
Let l(m) = m**3 - 6*m**2 - 4*m + 1. Calculate l(4).
-47
Let q(a) = -3*a**2 - 2*a + 13. Determine q(-3).
-8
Let q(h) = 2*h**2 - 11*h - 2. What is q(6)?
4
Let b(q) = -3*q**2 - 19*q. Give b(-6).
6
Let u(d) = 3*d**3